ative of -z**5/60 + z**4/24 - 7*z**3/6 - z**2. Give o(0).
-7
Let g(q) = -q**2 + 5*q + 10. Let b be g(8). Let z = b + 9. Let v(a) = -a**3 - 6*a**2 + 2*a - 5*a - 4*a - 7. What is v(z)?
3
Let l be -1 - -1 - (2 + -2). Let r(z) = -2*z**2 + 3*z + 1. Let h(g) = 3*g**2 - 4*g - 2. Let u(n) = -5*h(n) - 7*r(n). What is u(l)?
3
Let h(b) = -1 + b - 4 + 2*b - 6*b. What is h(-5)?
10
Let l(m) = -m + 2. Let w(b) = 5*b - 3 + b**2 + 2*b - 2. Let o be w(-7). Calculate l(o).
7
Let m = 7 + -4. Let l be (1/m)/(1/9). Let t(h) = 4*h**2 + 7*h - 2*h**2 - h**2 + l. Give t(-5).
-7
Let s(c) = -2*c - 6*c**2 + 5*c**2 - 7 - 2*c**2 + 10*c. Let r(b) = 5*b**2 - 15*b + 13. Let n(t) = 4*r(t) + 7*s(t). Determine n(-5).
-2
Let n(f) = -f + 8. Let m(i) be the second derivative of 0 + 1/6*i**3 + i - 9/2*i**2. Let a(w) = -5*m(w) - 6*n(w). Calculate a(4).
1
Suppose -5*g = -p - 0*p - 34, -5*p - 30 = -5*g. Let n(h) = h - 7. What is n(g)?
0
Let p(y) be the first derivative of y**6/120 + y**5/15 + y**4/12 - 2*y**2 + 6. Let f(s) be the second derivative of p(s). Calculate f(-2).
4
Let k(c) be the third derivative of -c**5/60 + c**4/6 + c**3/3 + 22*c**2. Let b be (-1)/3 - 26/(-6). Calculate k(b).
2
Let f be 27/6 - (-7)/(-14). Let u(s) = 2*s**2 - 4*s - 3. Give u(f).
13
Suppose 3 = 4*d - 5. Suppose 0 = -4*o - 5*c + 16 - 1, 0 = -o + d*c - 6. Suppose z + z + 12 = o. Let w(s) = s**2 + 8*s + 5. Determine w(z).
-7
Let y(l) be the first derivative of -l**5/40 - l**4/24 - l**3/3 - 2. Let q(c) be the third derivative of y(c). Give q(2).
-7
Let j(b) = -2*b + 3. Let c(p) = -1. Let v(x) = 2*c(x) + j(x). Give v(4).
-7
Let t(x) = x**2 - 6*x - 3. Suppose 5*y - 4*y = 2. Suppose -3*c + 22 = -5*u, 5*u = -c + y - 28. Let i be (0 - 5)*1*c. Calculate t(i).
-8
Let o(f) be the first derivative of f**2 - 1 + 1/60*f**5 + 1/2*f**3 - 1/120*f**6 - 1/12*f**4 + 0*f. Let m(y) be the second derivative of o(y). Give m(2).
-5
Let s(r) be the first derivative of 1/3*r**4 + 2/3*r**3 + 1 + r - 1/20*r**5 + 7/2*r**2. Let q(l) be the first derivative of s(l). What is q(5)?
2
Let v(a) = -a**3 + a**2 - 6. Let h be v(0). Let s(n) = -1 - 3 + 2 - n - 6. Calculate s(h).
-2
Let g be 8/(-16) + 2/(-4). Let j(k) = -3*k - 7. Let y(a) = 5*a + 15. Let z(o) = -13*j(o) - 6*y(o). Determine z(g).
-8
Let u be ((-4)/10)/(1/5). Suppose 3*o - 8 = -o. Let d(m) = -3*m - 2*m**2 + 2 + 5*m + 3*m**2 + 0*m**o. Calculate d(u).
2
Let u be -4 + 2 - (-5)/(-1). Let m(i) = -7*i**2 - 16*i. Let d(n) = -11*n**2 - 24*n. Let v(y) = 5*d(y) - 8*m(y). What is v(u)?
-7
Let p(i) = i + 7. Let z be (54/36)/((-2)/(-32)*-3). Let g(u) = -3 + u + u + 23. Let q(w) = z*p(w) + 3*g(w). What is q(-4)?
12
Let y(x) = -2*x**2 - 2*x. Suppose -5*a - 83 = t, 5*a - a + 268 = -4*t. Let k be 140/t - (-4)/18. Determine y(k).
-4
Let i(n) = -15*n**3 - 2*n + n + 13*n**3 - 2*n**2 + 3*n**3. Give i(2).
-2
Let j(i) = -3*i**2 + 9*i - 8. Let m(h) = h**2 - 3*h + 3. Let n(y) = 4*j(y) + 11*m(y). Determine n(2).
3
Let t(c) = -c + 18. Let u(a) = a - 18. Let b(i) = 3*t(i) + 4*u(i). Let q be b(15). Let j(g) = g**3 + 2*g**2 - 4*g - 1. Give j(q).
2
Let m(z) = -7*z**2 - z - 1. Let j be (-32)/80 - 3/5. What is m(j)?
-7
Let g be 2/4 - (-2)/(-4). Suppose 5*l + 4*k + 6 = 0, 3*l + 3*k + 14 = 4*l. Let f(h) = -3*h - l*h**2 + 3*h**2 + 4*h + 0*h - 1. Determine f(g).
-1
Let b(l) = l**2 - 1 + 1 - l**3 - 1. Let z(p) = -7 + 11 - p**2 + 1 - 5*p. Let i be z(-6). Calculate b(i).
1
Let f be (6 - (6 - 3)) + -7. Let g be 2 - 0*2/f. Let s(v) = v**2 + v**3 - 3*v**2 - g*v**2 + 4 - v. What is s(4)?
0
Let d(b) = b**2 + 3*b - 8. Let f be d(-4). Let s = 1 + -1. Let z(g) = s*g - 5 + 0 - 2*g. Give z(f).
3
Let k(q) be the third derivative of -q**6/120 + q**5/10 - q**4/24 - q**3 + 38*q**2. Give k(6).
-12
Let t = 3 + -6. Let g(m) be the third derivative of m**5/40 + m**4/24 - 2*m**3/3 - 3*m**2. Let j(w) be the first derivative of g(w). Give j(t).
-8
Suppose 2*t - 2 = 2. Let a(f) be the second derivative of 1/20*f**5 + 1/2*f**2 + 2*f + 0 + 1/3*f**3 - 1/4*f**4. What is a(t)?
1
Suppose -5 = -4*u - 1. Let g = 1 + u. Let s(a) = -2*a + a**g - a + 0*a**2. Give s(2).
-2
Let i(w) = 11*w - 7 + 5*w**2 - 2 - 2*w**2. Let m = 11 + -9. Let c(q) = -q**2 - 4*q + 3. Let b(p) = m*i(p) + 7*c(p). Calculate b(-5).
8
Let t(y) be the first derivative of -y**2 - 11*y + 29. Give t(-10).
9
Let h be (-156)/91*7/2. Let i(u) = -5*u**3 - u**2 + 8*u - 4. Let v(w) = -4*w**3 - 2*w**2 + 7*w - 5. Let z(x) = 3*i(x) - 4*v(x). What is z(h)?
-4
Let u(v) be the second derivative of -2*v**2 - 7*v + 0*v**3 + 0 + 1/12*v**4. What is u(3)?
5
Let y(k) = 4*k + 2*k + k**2 - 8 + 7. Determine y(-5).
-6
Let i(f) = -1 - 18*f**2 + 0*f**2 - 4*f + 3*f + 4*f**2. What is i(-1)?
-14
Let h(g) = -2*g - 5*g + 2*g. Let a(t) = 2*t + 1. Let k be a(6). Suppose 5*o + k = -2*x, -2*x - 3*o + 2 - 9 = 0. Calculate h(x).
-5
Let r = -71 + 77. Let d(f) = -7*f**3 + 12*f**2 - f + 8. Let n(s) = -s**3 + s**2 + 1. Let v(a) = d(a) - 6*n(a). Calculate v(r).
-4
Let p(i) be the first derivative of 7*i**4/4 - i**3/3 + i**2/2 + i + 1. Suppose -3*v + 2*v - 1 = 0. Let t = 0 + v. Determine p(t).
-8
Let q(f) = f**3 - f**2 - f. Let o(g) = -4*g**3 + 11*g**2 - 6*g - 4. Let v(t) = -o(t) - 5*q(t). Calculate v(-7).
-24
Suppose -5*k + 34 = -3*c - c, 4*k + 2*c = 22. Let b(o) = 3*o - 6. Determine b(k).
12
Let y(w) = 15*w**2 - 2*w + 1. Let n = -4 - -5. What is y(n)?
14
Let v(s) be the third derivative of -s**4/12 - s**3/6 + 21*s**2 - s. Determine v(-3).
5
Suppose -4*u = 2 + 14. Let m = u - -9. Let o(t) = -7*t**3 + 2*t + 5. Let k(l) = -6*l**3 + l**2 + l + 4. Let j(b) = 6*k(b) - 5*o(b). What is j(m)?
4
Let f(b) = 2*b - 5. Let z be f(5). Suppose -4*j = 4*u - 16, -z*u - 2*j + 4*j = 8. Let y(v) = u*v**2 - 6 + 2*v**2 + 5*v - v**2. Give y(-5).
-6
Let o(n) be the second derivative of n**7/2520 + n**6/240 - n**5/40 + n**4/6 + n. Let k(y) be the third derivative of o(y). Determine k(-3).
-3
Let p(s) = s**3 + 6*s**2 + 3. Let f be 3/15 + 76/20. Suppose -2*z + 4*b = 3*b + 14, -f*b = -2*z - 20. What is p(z)?
3
Suppose -5*i - 18 = p, -28 = -4*p + i + 4*i. Let t(z) = z + 6 + z**2 - 4 - 2*z**p + 2. Give t(0).
4
Let d be (9/12)/((-3)/(-12)). Suppose -29 = 4*u + c, -7*c = -3*u - 2*c - 16. Let n = u + d. Let f(t) = -t**3 - 3*t**2 + 5*t - 3. Determine f(n).
-7
Let m(n) be the first derivative of -n**7/840 + n**6/90 + n**5/60 + n**4/12 + 4*n**3/3 + 4. Let r(s) be the third derivative of m(s). Determine r(4).
10
Let y(h) be the second derivative of h**5/20 + h**4/3 + h**3/2 + h. Let k(p) = 21*p - 2. Let m be k(2). Let u be ((-4)/(-10))/((-8)/m). Determine y(u).
2
Let s(g) be the first derivative of -3*g**2/2 - 4. Let k be (-1)/2*(-1 + -9). Let a = 4 - k. What is s(a)?
3
Suppose -5 = -y + 4*b, 6*y + 4*b = 5*y - 11. Let i(j) be the third derivative of j**5/60 + j**4/6 + j**3/2 - j**2. What is i(y)?
0
Let t(p) = p**2 + 3*p + 2. Let h(r) = -3*r**3 - 2*r**2 + r. Let u be h(1). What is t(u)?
6
Let r(f) = -f**2 - f - 1. Let s be (-4)/4*0/(-5). Give r(s).
-1
Suppose 4*r = 2*r. Let u(m) = m**3 + m + 9. Determine u(r).
9
Let s(z) = 155*z - 1 - 4*z**2 - 157*z - 3*z**2. Calculate s(-1).
-6
Let b(t) be the first derivative of 2*t**2 + 3*t - 3. Calculate b(-2).
-5
Let o(z) = 2*z**3 - 5*z**2 - 3*z + 4. Let v(y) = -4*y**3 + 11*y**2 + 7*y - 9. Let w(m) = 5*o(m) + 2*v(m). Let p be 1 + 2/1 + -1. Give w(p).
4
Suppose 7*p - 3*p - 1 = 3*z, 27 = 3*p + 3*z. Let h(i) = 3*i - 3. Let k(j) = -2*j + 3. Let l(d) = p*h(d) + 5*k(d). Let x be -1*6*(-7)/(-21). Calculate l(x).
-1
Let w(q) = -q**2 - 2*q + 5. Suppose 0 = -4*s + 9*s - 20. Let m be (-22)/s - (-12)/8. Give w(m).
-3
Let p(s) = s**2 + 1. Suppose -3*h = w - 19, -h + 2 = -w + 3*h. Let m = w - 10. Determine p(m).
1
Let l(o) = 2*o - 6. Let q be l(4). Let j(v) = -2*v + v**3 + v**q - 1 - 2*v**2 + 3 - 2*v**2. Calculate j(3).
-4
Let t(g) = g - 1. Suppose 0*y + 5 = 5*y. Let a = y + -1. Suppose a*b = 5*b. Calculate t(b).
-1
Suppose -5*x - 10 = 5*l - x, l + 4*x + 2 = 0. Let p(g) = 2*g**2 + 3*g + 2. Calculate p(l).
4
Let k(w) be the second derivative of 0 - w**3 + 4*w + 7/2*w**2 + 1/2*w**4 - 1/20*w**5. Determine k(5).
2
Let j(n) = -3*n**3 + 9*n**2 + n - 13. Let r(i) = 16*i**3 - 45*i**2 - 5*i + 66. Let f(q) = 11*j(q) + 2*r(q). What is f(9)?
-2
Let q(s) = 2*s**2 - 8*s**2 + 1 + 3*s**3 + 24*s**3 + 4*s**2. What is q(1)?
26
Let w(d) = 9*d**2 - 7*d - 4. 